 factor of c and f.
14
Let f(d) = 22*d - 61. Let r be f(3). Suppose -42 = r*w - 8*w. What is the highest common divisor of w and 2?
2
Suppose 5*z - 5555 = i, -z + 2*i = -920 - 200. Calculate the greatest common factor of z and 240.
30
Let n be (-1077)/(-21) - (-8)/(-28). Suppose 0 = 8*m - 13*m - 4070. Let j be (m/12)/(-1) - 1/(-6). Calculate the greatest common divisor of n and j.
17
Let k = 92 + -84. Suppose 3*f - 3*w = 39, 2*w - 6 + k = 0. Let u be (-21)/(-2) + (-6)/f. What is the greatest common factor of u and 130?
10
Let z(a) = a. Let g be 51/(-9) - 8/24. Let t(x) = x**2 - 15*x - 19. Let l(f) = g*z(f) - t(f). Let r be l(8). What is the highest common factor of r and 9?
9
Suppose 0 = b - 9 - 0. Let q(p) = 5*p + 41. Let h be q(-7). What is the highest common divisor of h and b?
3
Let w(v) = v**3 + 14*v**2 - v - 14. Let a be w(-14). Let x = -382 + 1200. Suppose 3*s - x - 46 = a. Calculate the highest common factor of 32 and s.
32
Suppose 10953 = 5*l - 2*l - 3*f, 0 = -l - 5*f + 3633. Calculate the highest common factor of 114 and l.
114
Suppose -12*b + 9*d = 10*d - 503, -209 = -5*b - d. Let c be -1*296/(-2) + -1. Calculate the highest common divisor of b and c.
21
Let n be 12/(-9) + 76/12. Suppose n*z = -76 + 751. What is the greatest common divisor of 15 and z?
15
Let w be (-298)/(-3)*-24*17/(-272). What is the greatest common divisor of w and 596?
149
Suppose 3124 = 2*h - 4*j, 30*h = 27*h + 5*j + 4685. Calculate the greatest common factor of 20 and h.
20
Suppose -16*d - 92 = -20*d - b, -4 = b. What is the greatest common divisor of 744 and d?
24
Suppose 9*r - 761 - 13378 = 0. Suppose 0 = -5*p + r + 1309. Calculate the greatest common divisor of p and 64.
64
Suppose 30*w = 121*w - 78624. Let r(t) = t**3 + 7*t**2 + 6*t. Let j be r(-6). Suppose j = 16*q - 7*q - w. What is the greatest common divisor of 12 and q?
12
Let j(b) = -675*b + 45. Let m be j(0). What is the highest common divisor of 15780 and m?
15
Suppose 139*i + 9*i - 15792 = 7*i. Calculate the greatest common divisor of i and 1841.
7
Suppose 11*x - 8 = 14*x - 4*f, 0 = 2*x + 3*f - 6. Suppose 2*q - 4*n - 12 = x, 2*q + 10*n = 15*n + 10. What is the greatest common divisor of 270 and q?
10
Suppose 3*p + 4*t = -t + 41, 0 = 4*p - t - 47. Suppose 0 = 13*j - p*j + k + 4, 0 = -4*k - 20. Calculate the highest common factor of j and 13.
1
Let n(v) = -v**3 + 23*v**2 - 59*v - 17. Let z be n(20). Suppose -12*d - z*d + 3240 = 0. What is the greatest common divisor of d and 54?
54
Let i = -49129 - -29686. Let h be ((-4)/10)/(8 + i/2430). Suppose -8*l + h = -7*l. What is the greatest common factor of 36 and l?
36
Let u(b) = -b**3 - 5*b**2 - 2*b - 10. Let y be u(-5). Suppose -p = y, -t - 2*p = -4*t - 39. Let g = t + 49. What is the highest common factor of 18 and g?
18
Let t = -1831 - -1086. Let l = 764 + t. What is the greatest common factor of l and 95?
19
Let n be 63/12 - 2/8. Suppose l + 4 = 3, n*x + 5*l - 70 = 0. Suppose 16 = -x*k + 17*k. Calculate the highest common factor of 8 and k.
8
Let a(s) = s**3 + 4*s**2 - 65*s + 84. Let c be a(7). What is the greatest common divisor of c and 21?
21
Suppose 0 = 405*z - 206*z - 197*z - 22654. What is the greatest common factor of z and 47?
47
Let o(v) = v**2 - 2*v + 63. Let g = 65 + -61. Suppose p = g*p - p. Let n be o(p). Calculate the highest common factor of 9 and n.
9
Suppose -4*s - 99 + 1091 = 0. Let c be ((-112)/3)/(-7)*3. Calculate the highest common factor of c and s.
8
Suppose 0 = 89*p - 87*p - 468. Let u be (39/4)/(24/64). Calculate the highest common factor of u and p.
26
Suppose -7 = u + 2*k, 1311 = -4*u + 3*k + 1360. Let h = -71 - -39. Let m = h - -67. Calculate the greatest common divisor of m and u.
7
Let a(d) = -d**3 - 3*d**2 - 3*d - 11. Let x be a(-3). Let u be x/(24/198)*-12. What is the greatest common divisor of u and 12?
6
Suppose -186*o + 2330 = 47*o. Calculate the highest common divisor of 38 and o.
2
Suppose 5*b - 157 = 4*z, -17*b - 4*z = -12*b - 173. Calculate the highest common divisor of 187 and b.
11
Let k(x) = x + 57. Let r be k(-50). Suppose -r*g + 152 + 100 = 0. Calculate the highest common factor of 192 and g.
12
Let m = -1155 + 1169. Calculate the greatest common factor of m and 2786.
14
Let h be -40*18/(-16)*2. Let q = 146816 - 146786. What is the greatest common factor of h and q?
30
Let f be (728/12)/(-14*1/(-105)). What is the highest common divisor of 260 and f?
65
Let g = 624 + -292. Suppose 4*q - p = 335, p = -4*q - 3 + g. Suppose q = -10*f + 853. Calculate the greatest common factor of f and 7.
7
Suppose -3*h = 5*h - 16. Suppose h*d - 4*d + 10 = 0. Let i be 51 - (-2 + -3 + 1). What is the highest common factor of i and d?
5
Let n be (-2219730)/(-299) - (82/(-26) + (-18)/(-6)). What is the highest common factor of 232 and n?
232
Suppose -20 + 8 = 3*y. Let x be -2 - 12/32*4*y. Suppose -5*o + 32 = -o. Calculate the highest common divisor of x and o.
4
Let f(k) be the third derivative of 7*k**5/4 - k**4/12 - k**3/6 - 60*k**2. Let z be f(-1). What is the highest common factor of 159 and z?
53
Let x = -40 + 15. Let n be (3/((-45)/(-168)))/((-2)/x). Let g = 69 + n. Calculate the highest common divisor of 19 and g.
19
Let m(v) = -v**3 - 38*v**2 - 153*v - 62. Let y be m(-34). What is the greatest common divisor of 600 and y?
12
Let n(t) = 15 + 167*t - 166*t + 3 + 2*t**2. Let s be n(8). Calculate the greatest common factor of s and 11.
11
Suppose -5*v + 2*b = 74, 0 = -5*v + b + 3 - 75. Let x be (16/v)/(102/(-357)). What is the greatest common divisor of x and 10?
2
Let m be (-4690)/67*(16 - 5)/(5/(-2)). Calculate the highest common divisor of 517 and m.
11
Let a(m) = -2*m**2 - 47*m + 35. Let s be a(-28). Let f = s - -287. What is the highest common divisor of 10 and f?
10
Let o = 784 + -537. Suppose 5*q - 85 = 10*l, q - 13 - 2 = l. Calculate the highest common factor of o and q.
13
Let m(a) = 2*a**3 + 14*a**2 + 10*a + 12. Let n be m(-9). Let t = -115 - n. Suppose -33*j = 26*j - 34*j - 1025. What is the highest common divisor of j and t?
41
Let w be -1 + 8 + 4*(-27)/36. Let y be w*3 - (-176)/(-44). What is the highest common factor of y and 424?
8
Let b be 618/9*(-6)/4. Let q = 108 + b. Let s be 2 - (2 + -7) - q. What is the highest common factor of s and 2?
2
Let t(v) = v**2 + 25*v - 304. Let w be t(-29). Let h be ((-112)/(-20))/(-3 - w/60). What is the highest common factor of 54 and h?
6
Let y(m) = -m**3 + 90*m**2 - 333*m - 33. Let f be y(86). What is the highest common factor of 143 and f?
11
Let i(x) = x**3 - 6*x - 3. Let t be i(-3). Let l = t - -42. Let b(o) = -39*o - 3. Let w be b(-2). Calculate the highest common divisor of w and l.
15
Suppose 12*o + 38*o - 238560 = -70*o. What is the greatest common factor of o and 8804?
284
Suppose 2*d = d + 21. Let u be (228/10)/(d/140). Let g = -92 + u. Calculate the highest common divisor of g and 30.
30
Suppose -49652 = -284*d - 66*d + 60598. What is the greatest common factor of 45 and d?
45
Let j be ((-1008)/384)/(1/(-4))*2. What is the greatest common factor of j and 1211?
7
Suppose -4*k = -4*q + 4, 3*k + 17*q = 18*q + 9. What is the greatest common divisor of k and 14?
1
Let s(g) = 69*g + 15. Let k be s(2). Let m be 1 + -1 + (22/1 - -5). What is the greatest common divisor of m and k?
9
Suppose 5*c - 563 = -138. Suppose -v = t - 133, -3*t + 2*v = -0*t - 379. Suppose 11*l - t = 245. What is the highest common factor of l and c?
17
Let i(m) = 92*m + 16. Let h be i(3). Let k be h + -6 + 0/(-6). What is the highest common divisor of k and 22?
22
Let v(t) = -74*t. Let p = 9 + -9. Suppose p = m - 5 + 6. Let y be v(m). What is the greatest common divisor of 111 and y?
37
Let a be (468/48 + -12)/((-12)/16). Calculate the greatest common divisor of a and 1839.
3
Suppose -121 = 80*z - 528 - 313. Let t(j) = -j**3 + 7*j**2 + 2*j + 3. Let v be t(5). What is the greatest common divisor of z and v?
9
Let n(d) = -d**3 + d + 64. Suppose 3*k + k = -u + 2, k + 2*u = 4. Let t be n(k). Suppose 0 = 22*y - 20*y - 192. What is the highest common factor of t and y?
32
Suppose -4*z + 44 = 4*h, -14*h + 12*h + 67 = 5*z. Suppose 0 = 2*i - 99 + 9. Calculate the highest common divisor of z and i.
15
Let f = 94 + -166. Let h = -97 + f. Let p be (-26)/h - 362/(-13). Calculate the greatest common diviso